 = -0*g. What are the prime factors of g?
7, 13
Let o(c) = -19*c + 2. What are the prime factors of o(-5)?
97
Let c = -287 + 406. List the prime factors of c.
7, 17
Suppose -2*s = 5*v - 57 - 150, 42 = v + s. Suppose -29 - v = -5*m. What are the prime factors of m?
2, 7
What are the prime factors of 2/5 - (-163)/5?
3, 11
Let h(s) = s**2 + 6*s - 1. Let m be h(-5). Let b(w) be the third derivative of -w**6/120 - 7*w**5/60 - w**4/3 - 7*w**3/6 - w**2. List the prime factors of b(m).
5
Let q = -21 + 19. What are the prime factors of (-1)/(((-6)/(-81))/q)?
3
Let l(c) = 11*c + 14. What are the prime factors of l(5)?
3, 23
Let g(v) = -v**3 - 15*v**2 - 18*v - 18. Let z be (-1)/2*-2 + -15. What are the prime factors of g(z)?
2, 19
Suppose 2*i - 2 = 2*a + 14, 0 = a + 1. Suppose -34 = -p - 2*m, 3*p + 2*m = i*m + 47. List the prime factors of p.
2, 3
Let u = 137 + -86. What are the prime factors of u?
3, 17
Suppose -2*t - 4 = 0, 4*p + 0*p = t + 98. Suppose 0 = -3*h + h - p. Let r = h + 21. List the prime factors of r.
3
Suppose 12 = -2*k + 5*k + 3*s, 3*k + 4 = s. Let n(w) = -w**3 - 11*w**2 - w - 12. Let u be n(-11). What are the prime factors of k + (-2 - 0)/u?
2
Let i = -560 - -855. List the prime factors of i.
5, 59
Let z(c) = -4*c**2 + 10*c - 5. Let g(u) = 5*u**2 - 10*u + 4. Suppose -3*v = 12 + 6. Let l(a) = v*z(a) - 5*g(a). What are the prime factors of l(-10)?
2, 5
Let l(m) be the first derivative of m**4/4 + m**3/3 + 19*m - 5. List the prime factors of l(0).
19
Let f(g) = 2*g + 6. List the prime factors of f(9).
2, 3
Suppose -3*x = 5*h - 3*h - 32, -5*x = 4*h - 62. Suppose -z = -3, -2*v = -4*z - h - 21. List the prime factors of v.
23
Let z = 11 - 9. Let m = 6 - z. What are the prime factors of (-175)/(-10) - 2/m?
17
Let h be 3*-1 + (3 - 0). Let i = 36 + h. What are the prime factors of i?
2, 3
Suppose 5*j = 5*f + 70, 10*j - 70 = 5*j + 3*f. List the prime factors of j.
2, 7
Let u = -1 + 0. What are the prime factors of -1 - (2 + -4 + u)?
2
Suppose -10*g + 450 = -4*g. What are the prime factors of g?
3, 5
Let p(v) = -12*v**3 + v. Let b(w) = -3*w. Let f be b(-2). Let q(l) = l**3 - 7*l**2 + 7*l - 7. Let h be q(f). What are the prime factors of p(h)?
11
Let p(w) be the first derivative of 3*w**2 - 5*w - 10. List the prime factors of p(6).
31
Suppose 0 = -6*r + 2*r - 8, 6 = 4*v + 3*r. Suppose 21 = 3*l + 4*b, 2*l - 6*b = -v*b + 14. List the prime factors of l.
7
Let x be ((-405)/(-10))/(1/(-2)). Let l = -53 - x. Suppose 0*h + l = 4*h. List the prime factors of h.
7
Let p = 440 - 209. What are the prime factors of p?
3, 7, 11
Suppose -6*m = -8*m - 26. Let q(l) = l. Let r(g) = 7*g + 15. Let s(c) = 5*q(c) - r(c). List the prime factors of s(m).
11
Let u be 1 - (2 + 0 - -1). Let g = -4 - u. Let l = g + 13. List the prime factors of l.
11
Suppose 4 + 2 = -3*n. Let w(v) = -v**3 - v**2 + 1. Let d be w(n). Suppose g - d = 3. List the prime factors of g.
2
Let o = 2 - 2. Suppose -3*f + 0*f + 6 = o. Suppose u = -f*u + 51. List the prime factors of u.
17
Let y(d) = -d + 8. Let r be y(4). Suppose -2*g = -6*g + 16. Suppose 4*b - r = g. What are the prime factors of b?
2
Let m(x) be the third derivative of -x**4/12 + 7*x**3/6 - 2*x**2. What are the prime factors of m(-9)?
5
Suppose 8*n = 6*n + 20. What are the prime factors of ((-15)/n)/(3/(-30))?
3, 5
Let s = -56 + 79. List the prime factors of s.
23
Let t(z) = 14*z + 21. List the prime factors of t(0).
3, 7
Let x(h) = h**3 + 5*h**2 + 2*h - 4. Let s be x(-4). Suppose 2*v + q - 19 = 0, -4*q + s = -0*q. What are the prime factors of v?
3
Suppose u + 4*u = 25. Suppose 0 = 2*w - 4 - 2. Suppose 4*c = -w*x + 55, -u*x = -c - 14 - 1. List the prime factors of c.
2, 5
Suppose 5*r - 5 - 5 = 0. Suppose 0 = 3*j - 12, 7*j = 3*h + r*j + 2. List the prime factors of h.
2, 3
Let u be -4*2*3*-1. Suppose -u = 3*w + 3*j + 2*j, -40 = 5*w + 3*j. Let y = 18 + w. List the prime factors of y.
2, 5
Suppose 3*p + 5 + 1 = 0. What are the prime factors of 3/((-3)/p) + 4?
2, 3
Suppose -3*q = -4*q + 3. Let u be (0/((-6)/q))/3. What are the prime factors of -2 - -2*(u + 4)?
2, 3
What are the prime factors of -50*1*((-25)/10 + 2)?
5
Let g(v) = v**3 + 4*v**2 - 6*v - 3. Let r be g(-5). Suppose -2*m = -r*k + 8, 0*k + k = -m + 10. What are the prime factors of k?
7
Suppose 4*b - 4*z - 408 = 0, 401 = 5*b - b + 3*z. List the prime factors of b.
101
Suppose -a = -28 - 6. What are the prime factors of a?
2, 17
Let q = 124 + -84. Let w be (36/5)/(12/q). Suppose w = 4*c - c. What are the prime factors of c?
2
Let o(v) be the third derivative of v**5/60 - v**4/12 - v**3/6 - v**2. Let d be o(3). Suppose 3*q + q = -4*b + 24, 3 = q - d*b. List the prime factors of q.
5
Suppose 2*k = 2*c + 6, -k - k - 2*c = 14. List the prime factors of 1 + (6/k - -16).
2, 7
Suppose 3*o + 5*l = -4, 13 = 4*o - l + 3. List the prime factors of (-6 + 2)*(-1)/o.
2
Suppose 0 = 2*d - 4*t - 8, 3*d + 0*d - 5*t - 11 = 0. Suppose 3*b = -d*b + 65. List the prime factors of b.
13
Let r(k) = -k**3 + 9*k**2 - 4*k - 10. List the prime factors of r(7).
2, 3, 5
Let f be (-56)/(-21)*(-3)/(-2). Suppose -7 - f = -s - l, -3*s = -3*l - 39. What are the prime factors of s?
2, 3
Let n be 2/3*(-9)/(-2). What are the prime factors of (-4)/n*30/(-4)?
2, 5
Suppose 5*x = -2*s + 11 - 2, 4 = 4*s - 4*x. List the prime factors of s.
2
Suppose -714 - 48 = -6*a. What are the prime factors of a?
127
Let m = -5 + 42. List the prime factors of m.
37
Suppose 0*u + u - 36 = 0. List the prime factors of u.
2, 3
Let w = -1 - -3. Suppose -w = 5*h - 12. Suppose -h*z = -4*z + 22. What are the prime factors of z?
11
Suppose 0*v - 66 = -2*v. List the prime factors of v.
3, 11
Suppose -4*f - 3 = -15, -9 = 2*m - 3*f. List the prime factors of 1 + m - (-21)/1.
2, 11
List the prime factors of 4 + (-1 - 2 - -98).
3, 11
Let p(h) = -2*h - 9. Let c be p(-6). Suppose m = -5*a - 0*m - 22, c*m = -6. Let d(u) = -u**3 - 2*u**2 + 4*u - 5. List the prime factors of d(a).
11
Let p(v) = -8*v + v**3 + 6 - v**3 - 7*v**2 + 0 + v**3. List the prime factors of p(8).
2, 3
Let k(u) = 8*u - 3 + 8*u - 2 + 8*u. What are the prime factors of k(2)?
43
Suppose w - 138 = -w. What are the prime factors of w?
3, 23
Suppose 0 = -5*a + 20, 0*a = 5*h - 2*a - 177. Suppose 15 + 30 = 5*i - 4*w, 4*i - h = 3*w. What are the prime factors of i?
13
Suppose g + 19 = 3*k, 2*k - g - 26 = -2*k. Let a = k + -4. What are the prime factors of a?
3
Suppose b = 3*b + 2. What are the prime factors of (3/6)/(b/(-14))?
7
Suppose -2*b = -7 - 5. List the prime factors of 5/15 - (-46)/b.
2
Suppose 17 = -5*m - 0*p - p, 4*m - 2*p = -22. Let j(n) = -4*n + 2 + n + n. List the prime factors of j(m).
2, 5
Suppose -3*m = 5*l - 299, 2*l - 560 = -5*m + 6*l. What are the prime factors of m?
2, 3
Suppose -3*q = q - 316. Suppose -4*i + 3*r - 4*r + q = 0, i + 3*r - 17 = 0. What are the prime factors of i?
2, 5
Let p(c) = c**2 - 5*c + 15. List the prime factors of p(-8).
7, 17
Let t(p) = p - 1. Let r be t(0). Let j be r - 0 - (-7 - 2). Let k = j - -1. List the prime factors of k.
3
Suppose 3*r = 160 + 254. List the prime factors of r.
2, 3, 23
Let o = 509 - 214. List the prime factors of o.
5, 59
Suppose -4 = -u - 2. Suppose 2*v + b - 2 = 0, -u*v - 5*b = -0*b + 14. List the prime factors of v.
3
Let t = -18 - -25. Suppose -12 = t*y - 5*y + 3*w, 4*y + 5*w + 28 = 0. Let c = 20 + y. List the prime factors of c.
2
Let t(x) be the third derivative of -x**2 + 0*x + 0 + 1/12*x**4 + 1/2*x**3. List the prime factors of t(5).
13
Suppose -9 = -2*y - 3. Suppose -3*i + 29 = 4*u - y*u, u - 3*i = -1. What are the prime factors of u?
2, 7
Suppose -4*q + 8*q + 40 = -4*p, 5*p + 20 = 0. List the prime factors of (30/4)/(q/(-16)).
2, 5
Let y be (-2)/(-12) + 115/30. Suppose y*u = -v - 0*v + 71, 0 = u - 4*v - 5. List the prime factors of u.
17
Let u(c) = c**2 - c + 21. Let s be u(0). Suppose 30 + s = 3*i. What are the prime factors of i?
17
List the prime factors of (-1)/((-2)/(51 - 3)).
2, 3
List the prime factors of (-3)/4 - 38/(-8).
2
Suppose 5*h = -5*f - 25 - 100, 2*h = 3*f - 25. What are the prime factors of ((-1)/2)/(5/h)?
2
Let o(i) be the third derivative of 0*i - 1/12*i**4 + 3*i**2 + 0 + 2/3*i**3. What are the prime factors of o(-3)?
2, 5
Suppose -3*g = -3*h - h - 100, 0 = -4*g + 5*h + 134. What are the prim